- 132*v + 40. What is a(19)?
59
Let h(i) = -142*i**2 - 11838*i + 7577. Determine h(-84).
17
Let r(l) = 7207283*l - 64865550. Give r(9).
-3
Let d(o) = 11*o**3 - 27*o**2 + 43*o - 140. Determine d(3).
43
Let s(z) = -23687*z - 7721896. Calculate s(-326).
66
Let r(p) = -p**2 - 154*p + 1804. What is r(13)?
-367
Let m(k) = 5535*k - 56910. Give m(10).
-1560
Let x(v) = 327*v + 57205. Calculate x(-172).
961
Let g(z) = 2*z**2 - 529*z + 11539. Give g(24).
-5
Let v(a) = -25*a**2 + 674*a - 1401. Calculate v(2).
-153
Let r(g) = 6*g**3 + 11*g**2 + g - 41. Calculate r(-7).
-1567
Let u(x) = 7*x**2 - 517*x + 5065. Give u(17).
-1701
Let d(f) = -13*f**3 - 2*f**2 - 19*f - 1785. Calculate d(0).
-1785
Let w(c) = -8*c**3 - 118*c**2 - 4*c + 17. Determine w(0).
17
Let s(i) = 2*i**3 - 136*i**2 - 377*i + 6864. Give s(70).
74
Let v(o) = 2953*o - 8215. Determine v(3).
644
Let j(g) = 469*g**3 - 178*g - 177. Calculate j(-1).
-468
Let n(c) = -3*c**2 - 3398*c + 252552. Determine n(70).
-8
Let r(n) = -7*n**2 - 6890*n + 1242609. Give r(-1140).
9
Let x(b) = 5*b**3 - 103*b**2 - 2201*b + 32599. Determine x(12).
-5
Let x(y) = 8*y**2 + 803*y - 1277. Give x(-102).
49
Let r(y) = 2400*y + 410402. Determine r(-171).
2
Let b(r) = -323*r**2 + 2281*r - 6. Calculate b(7).
134
Let a(s) = 2*s**2 + 200*s + 5057. Give a(-50).
57
Let g(l) = 3*l**3 - 74*l**2 + 84*l + 483. Give g(23).
-230
Let o(p) = -p**3 - 43*p**2 + 5385*p + 56. What is o(55)?
-219
Let m(c) = -c**2 - 102*c - 3844. Give m(-41).
-1343
Let r(y) = 7*y**2 + 6631*y + 13262. What is r(-2)?
28
Let d(x) = 3*x**3 + 205*x**2 - 563*x + 394. Calculate d(-71).
39
Let z(j) = -108*j**3 - 686*j - 2728. Give z(-4).
6928
Let l(t) = -2*t**2 + 9094*t - 387350. What is l(43)?
-6
Let v(j) = 18*j**2 + 7308*j - 59617. Calculate v(-414).
-1
Let d(c) = c**3 + 76*c**2 + 1372*c + 451. Calculate d(-47).
28
Let r(t) = -t**3 - t**2 + 259*t + 995. Determine r(-4).
7
Let i(a) = 3*a**2 + 827*a + 25904. What is i(-36)?
20
Let y(f) = 7021*f - 50158. Give y(7).
-1011
Let j(x) = 2*x**3 + 118*x**2 - 43*x - 4493. Calculate j(-59).
-1956
Let f(q) = 24*q**2 - 702*q + 3. Calculate f(0).
3
Let i(f) = -4*f**3 + 193*f**2 + 149*f - 133. Determine i(49).
-35
Let q(g) = -35*g**2 + 88*g + 27925. Calculate q(-27).
34
Let s(y) = 2*y**3 - 20*y**2 + 94*y - 213. What is s(9)?
471
Let t(q) = -14466*q - 14397. Give t(-1).
69
Let d(l) = -272857*l - 1364324. What is d(-5)?
-39
Let g(x) = x**2 - 242*x + 14641. What is g(120)?
1
Let t(x) = 863*x + 11498. What is t(-13)?
279
Let d(m) = 1756*m + 159868. Determine d(-91).
72
Let x(a) = -43940*a + 615171. What is x(14)?
11
Let p(a) = -a**3 - 39*a**2 + 390*a + 9089. Determine p(-43).
-285
Let w(a) = 6*a**3 + 3*a**2 - 113*a - 319. What is w(-3)?
-115
Let t(i) = 420*i + 7976. What is t(-19)?
-4
Let l(h) = 2*h**3 + 170*h**2 - 522*h - 30097. What is l(-86)?
3
Let w(b) = 12426*b + 124425. Give w(-10).
165
Let u(x) = 18*x**3 - 3062*x**2 + 345*x - 720. Give u(170).
130
Let g(q) = -3*q**3 - 31*q**2 - 56*q - 107. Give g(-7).
-205
Let h(f) = -57*f**3 - 350*f**2 - 63*f + 66. Give h(-6).
156
Let m(l) = 12*l + 720. Determine m(-28).
384
Let z(n) = -4475*n + 13402. What is z(3)?
-23
Let w(l) = l**3 - 32*l**2 - 2358*l + 69169. Determine w(28).
9
Let v(h) = -2*h**2 - 16*h - 189. Give v(14).
-805
Let w(x) = -x**3 - 4493*x**2 - 178116*x + 167. Give w(-40).
7
Let a(m) = -5*m**2 - 30*m + 4991. Give a(-34).
231
Let d(m) = -35*m + 7221. Calculate d(207).
-24
Let h(k) = 4*k**3 + 3986*k**2 + 194667*k - 2832. Calculate h(-945).
3
Let g(s) = 22*s**3 + 243*s**2 + 4*s - 67. Determine g(-11).
10
Let z(v) = -v**3 - 251*v**2 - 2178*v + 10. Calculate z(-9).
10
Let a(y) = 49*y**2 + 95*y - 63. Determine a(-14).
8211
Let x(q) = -54*q + 2957. What is x(53)?
95
Let k(w) = -8276*w + 24925. Calculate k(3).
97
Let y(f) = -27*f**2 + 106*f + 188. Give y(-3).
-373
Let j(c) = 3567*c + 14298. Calculate j(-4).
30
Let h(p) = 7*p**3 + 300*p**2 + 3223*p + 236. Determine h(-22).
-6
Let i(z) = -38*z**2 + 1459*z + 26886. What is i(52)?
2
Let j(r) = -r**3 + 4788*r**2 - 33466*r - 18. Determine j(7).
-11
Let g(k) = -k**3 + 65*k**2 + 416*k + 255. Give g(71).
-455
Let y(r) = -34944*r - 139782. Determine y(-4).
-6
Let u(i) = 5*i**3 - 553*i**2 - 5655*i + 1766. What is u(120)?
-34
Let c(n) = -9*n**2 - 226*n - 2600. Calculate c(-18).
-1448
Let u(g) = -g**3 - 5*g**2 - 256*g - 4084. Give u(-12).
-4
Let g(s) = 196*s**2 + 1305*s - 461. Give g(-7).
8
Let b(p) = -2511*p + 40189. Give b(16).
13
Let q(f) = f**2 + 8353*f - 25075. Calculate q(3).
-7
Let m(k) = -21*k**3 + 129*k**2 + 234*k - 1616. What is m(7)?
-860
Let g(c) = c**2 - 457*c + 51151. What is g(261)?
-5
Let c(q) = 60*q**2 + 787*q + 1572. Give c(-2).
238
Let y(z) = 13*z**3 - 167*z**2 - 140*z + 1413. Determine y(13).
-69
Let y(s) = -s**2 - 11772*s - 11773. Give y(-1).
-2
Let j(i) = 7*i - 1265. What is j(180)?
-5
Let l(n) = -6*n**3 - 14*n**2 + 71*n + 90. Give l(-5).
135
Let w(m) = -47043*m + 705495. Give w(15).
-150
Let y(q) = -104*q**2 - 3337*q - 3522. Calculate y(-31).
-19
Let r(g) = 8*g**2 - 29*g - 158. Calculate r(10).
352
Let j(o) = -4*o**2 + 396*o + 11207. Determine j(122).
-17
Let x(k) = 7295*k - 824288. What is x(113)?
47
Let c(u) = -165247*u - 3965928. Determine c(-24).
0
Let w(t) = -197*t**2 + 7288*t + 28. Give w(37).
-9
Let j(q) = q**3 - 63*q**2 + 83*q + 24. Determine j(62).
1326
Let g(y) = y**2 + 1529448*y + 7647222. What is g(-5)?
7
Let p(a) = 17969*a + 125345. What is p(-7)?
-438
Let c(j) = -287*j - 121392. What is c(-423)?
9
Let i(p) = -5857*p - 17418. What is i(-3)?
153
Let r(t) = -t**3 - 39*t**2 + 1354*t + 213. What is r(22)?
477
Let b(d) = -371*d + 11329. Calculate b(39).
-3140
Let k(o) = 368*o**2 + 294037*o + 3977. Determine k(-799).
-18
Let o(f) = f**3 + 88*f**2 + 172*f - 206. Determine o(-86).
-206
Let j(q) = 1299*q + 1005. Determine j(-5).
-5490
Let i(g) = -91*g + 12023. Determine i(141).
-808
Let z(h) = -19*h**2 - 405*h - 1561. Determine z(-4).
-245
Let x(l) = -l**3 + 151*l**2 - 285*l + 463. Calculate x(149).
2400
Let y(u) = 15*u**3 + 1633*u**2 - 221*u - 646. Determine y(-109).
-319
Let x(v) = -5924*v + 195692. Calculate x(33).
200
Let q(a) = 34000*a - 9044007. Give q(266).
-7
Let p(w) = 67869*w - 271482. Calculate p(4).
-6
Let l(v) = 3*v**3 + 50*v**2 + 178*v + 219. Give l(-12).
99
Let m(c) = -324*c**2 + 3883*c + 52. Give m(12).
-8
Let y(g) = 8*g**2 + 213*g - 197. What is y(-27)?
-116
Let u(v) = -v**2 + 45*v + 3411. Determine u(85).
11
Let i(x) = -17*x**2 + 732*x - 2033. Determine i(40).
47
Let s(r) = -451*r + 29249. Give s(65).
-66
Let n(d) = -2*d**2 - 47*d + 840. Calculate n(11).
81
Let g(v) = -v**3 + 14*v**2 - 47*v + 30. Give g(2).
-16
Let s(n) = 14*n**3 + 3*n**2 + 37*n + 94. What is s(-2)?
-80
Let t(q) = 304*q + 86. Calculate t(1).
390
Let p(c) = -3*c**2 + 7*c + 69. Give p(16).
-587
Let j(s) = 196*s + 37005. Determine j(-191).
-431
Let h(z) = 5*z**3 - 54*z**2 + 23*z - 363. Determine h(11).
11
Let f(l) = 3882*l - 159179. Calculate f(41).
-17
Let l(w) = w**3 + 21*w**2 - 84*w - 871. Determine l(-23).
3
Let c(o) = 25*o**3 - 87*o**2 + 325*o + 413. Determine c(-1).
-24
Let z(l) = 33566*l - 167621. Give z(5).
209
Let r(j) = 2*j**3 - 79*j**2 + 163*j + 818. Determine r(37).
4
Let s(c) = 10848*c - 151874. Calculate s(14).
-2
Let o(i) = 8*i**3 + 104*i**2 - 8*i + 51. Determine o(-13).
155
Let j(l) = -8*l**2 - 73*l + 8. Determine j(-8).
80
Let n(x) = -x**2 - 2858*x - 28440. Determine n(-10).
40
Let l(f) = f**2 - 2526*f + 57579. What is l(23)?
10
Let p(v) = 56*v**3 - 1386*v**2 - 341*v - 89. Calculate p(25).
136
Let f(a) = a**3 - 91*a**2 - 183*a - 270. Determine f(93).
9
Let m(x) = -x**2 - 383*x - 28483. What is m(-102)?
179
Let c(i) = -i**3 - 33*i**2 + 73*i + 107. Calculate c(3).
2
Let i(j) = -372*j**2 + 8931*j. Give i(24).
72
Let d(u) = u**3 - 47*u**2 + 317*u - 49. Calculate d(38).
-999
Let z(d) = d**2 - 15165*d + 121258. Give z(8).
2
Let w(a) = 23*a**2 + 1338*a - 336. What is w(-59)?
785
Let s(i) = -i**2 + 21832*i - 349059. Calculate s(16).
-3
Let d(q) = 5591*q - 419283. Give d(75).
42
Let p(z) = 88165*z - 3438462. Calculate p(39).
-27
Let g(u) = -463*u - 25606. Determine g(-63).
3563
Let p(d) = -4397*d - 8882. What is p(-2)?
-88
Let m(k) = -690*k - 94443. Calculate m(-137).
87
Let g(f) = 1478*f - 184819. What is g(125)?
-69
Let y(h) = -